{"id":63,"date":"2025-07-28T19:28:49","date_gmt":"2025-07-28T17:28:49","guid":{"rendered":"https:\/\/design.greenmotions-filmfestival.de\/wordpress\/?page_id=63"},"modified":"2026-03-26T16:47:43","modified_gmt":"2026-03-26T15:47:43","slug":"filmschaffende","status":"publish","type":"page","link":"https:\/\/greenmotions-filmfestival.de\/de\/filmschaffende\/","title":{"rendered":"F\u00fcr Filmschaffende"},"content":{"rendered":"\n<div style=\"height:70px\" aria-hidden=\"true\" class=\"wp-block-spacer small-mobile\"><\/div>\n\n\n\n<h1 class=\"wp-block-heading has-text-color has-link-color wp-elements-f7a8080578ce36c557d9d960aac2b237\" style=\"color:#009b58\">Infos f\u00fcr Filmschaffende.<\/h1>\n\n\n\n<h2 class=\"wp-block-heading\" style=\"margin-top:var(--wp--preset--spacing--70);padding-bottom:var(--wp--preset--spacing--30)\">Kategorien und Preise<\/h2>\n\n\n\n<p>Die <strong>Teilnahmebedingungen 2026<\/strong> als PDF findest Du <a href=\"https:\/\/greenmotions-filmfestival.de\/wp-content\/uploads\/2026\/02\/Terms-and-Conditions-2026.pdf\">hier<\/a>.<\/p>\n\n\n\n<div class=\"wp-block-columns is-layout-flex wp-container-core-columns-is-layout-28f84493 wp-block-columns-is-layout-flex\">\n<div class=\"wp-block-column is-layout-flow wp-block-column-is-layout-flow\" style=\"padding-top:var(--wp--preset--spacing--50)\">\n<h3 class=\"wp-block-heading\" style=\"margin-top:0\">Sonderthema<\/h3>\n\n\n\n<p class=\"is-style-default\" style=\"writing-mode:horizontal-tb\">Jedes Jahr wird von unserem Team ein Sonderthema ausgew\u00e4hlt, dass beim Festival besonders im Mittelpunkt steht. Der Preis f\u00fcr den besten Film wird von einer Expert:innenjury vergeben und w\u00e4hrend des Festivals \u00fcberreicht. Das diesj\u00e4hrige Thema lautet &#8222;Anerkennung: Die Unsichtbaren sichtbar machen&#8220;.Mehr Infos zu unserem diesj\u00e4hrigen Sonderthema gibt es <a href=\"https:\/\/greenmotions-filmfestival.de\/de\/2026\/02\/14\/sonderthema-2026-anerkennung-die-unsichtbaren-sichtbar-machen\/\">\u2192hier<\/a>.<\/p>\n<\/div>\n\n\n\n<div class=\"wp-block-column is-layout-flow wp-block-column-is-layout-flow\" style=\"padding-top:var(--wp--preset--spacing--50)\">\n<h3 class=\"wp-block-heading has-text-align-left\">Langfilme \/ Publikumspreis<\/h3>\n\n\n\n<p class=\"has-text-align-left is-style-default\" style=\"writing-mode:horizontal-tb\">Unser Hauptpreis wird von unserem Publikum selbst gew\u00e4hlt. Neben Filmen zum Thema Nachhaltigkeit zeigen wir in dieser Kategorie auch Filme, die sich f\u00fcr mehr soziale Gerechtigkeit einsetzen, das Verst\u00e4ndnis f\u00fcr die Umwelt steigern oder die Folgen des Klimawandels illustrieren. Unsere Zuschauer:innen bewerten die Filme nach der Vorstellung und am Ende des Festivals wird aus den Bewertungen des Publikums die\/der Gewinner:in ermittelt.<\/p>\n<\/div>\n<\/div>\n\n\n\n<div style=\"height:29px\" aria-hidden=\"true\" class=\"wp-block-spacer\"><\/div>\n\n\n\n<div class=\"wp-block-group alignfull has-global-padding is-layout-constrained wp-container-core-group-is-layout-966a1b52 wp-block-group-is-layout-constrained\" style=\"margin-top:0;margin-bottom:0;padding-top:var(--wp--preset--spacing--80);padding-right:var(--wp--preset--spacing--40);padding-bottom:var(--wp--preset--spacing--80);padding-left:var(--wp--preset--spacing--40)\">\n<div class=\"wp-block-group has-global-padding is-layout-constrained wp-container-core-group-is-layout-346627ba wp-block-group-is-layout-constrained\">\n<h2 class=\"wp-block-heading has-text-align-center has-text-color has-link-color has-xx-large-font-size wp-elements-6d22f3d8b81798e50298b0de9fb1b38a\" style=\"color:#009b58;margin-right:0;margin-left:0;padding-right:0;padding-left:0\">Reiche Deinen Film ein <\/h2>\n\n\n\n<p class=\"has-text-align-center\">Du hast die passende Kategorie f\u00fcr Deinen Film gefunden? Hier geht&#8217;s zur Einreichung!<\/p>\n\n\n\n<div class=\"wp-block-buttons green-button is-content-justification-center is-layout-flex wp-container-core-buttons-is-layout-a89b3969 wp-block-buttons-is-layout-flex\">\n<div class=\"wp-block-button is-style-outline is-style-outline--1\"><a class=\"wp-block-button__link has-base-color has-text-color has-background has-link-color wp-element-button\" href=\"https:\/\/filmfreeway.com\/Greenmotionsfilmfestival2026\" style=\"border-style:none;border-width:0px;background-color:#009b58\">\u2192 Filmfreeway<\/a><\/div>\n<\/div>\n<\/div>\n<\/div>\n\n\n\n<div class=\"wp-block-columns is-layout-flex wp-container-core-columns-is-layout-28f84493 wp-block-columns-is-layout-flex\">\n<div class=\"wp-block-column is-layout-flow wp-block-column-is-layout-flow\" style=\"padding-top:var(--wp--preset--spacing--50)\">\n<h3 class=\"wp-block-heading\">Kurzfilme<\/h3>\n\n\n\n<p class=\"is-style-default\" style=\"writing-mode:horizontal-tb\">Auf unserem Festival zeigen wir jedes Jahr einige ausgew\u00e4hlte Kurzfilme mit einer L\u00e4nge von unter 20 Minuten. Bei der Auswahl achten wir darauf, dass Nachhaltigkeits- und Umweltthemen kompetent und filmisch interessant umgesetzt werden. Eine Expert:innenjury vergibt au\u00dferdem jedes Jahr den Preis f\u00fcr den besten Kurzfilm. Am letzten Abend des Festivals wird unsere Kurzfilmauswahl gezeigt und der Gewinnerfilm des Jahres bekannt gegeben.<\/p>\n<\/div>\n\n\n\n<div class=\"wp-block-column is-layout-flow wp-block-column-is-layout-flow\" style=\"padding-top:var(--wp--preset--spacing--50)\">\n<h3 class=\"wp-block-heading\">Kurzfilme f\u00fcr Kinder<\/h3>\n\n\n\n<p class=\"is-style-default\" style=\"writing-mode:horizontal-tb\">Auf unserem Festival zeigen wir jedes Jahr auch einigen kleineren G\u00e4sten Kurzfilme zu Themen der Nachhaltigkeit. Die Kinder im Vorschul- und jungen Schulalter werden mit einer Moderation durch eine ausgew\u00e4hlte Selektion von Filmen gef\u00fchrt. Auch die Kinder stimmen am Ende der Vorstellung ab, welcher Film ihnen am besten gefallen hat und entscheiden so \u00fcber den:die Gewinner:in des Jahres. <br>\u00dcber das Jahr verteilt zeigen wir einige der Filme von unserem Festival auch in Workshops an Schulen in Freiburg und Umgebung.<\/p>\n<\/div>\n<\/div>\n\n\n\n<div style=\"height:180px\" aria-hidden=\"true\" class=\"wp-block-spacer medium-mobile\"><\/div>\n\n\n\n<aside class=\"wp-block-group alignfull is-style-section-3 has-background has-small-font-size has-global-padding is-layout-constrained wp-container-core-group-is-layout-766ec2b1 wp-block-group-is-layout-constrained is-style-section-3--2\" style=\"background-color:#dbeff5;margin-top:0;margin-bottom:0;padding-top:0;padding-right:var(--wp--preset--spacing--20);padding-bottom:var(--wp--preset--spacing--20);padding-left:var(--wp--preset--spacing--20)\">\n<div class=\"wp-block-group mobile-stack is-vertical is-content-justification-center is-layout-flex wp-container-core-group-is-layout-deed26be wp-block-group-is-layout-flex\" style=\"min-height:470px;margin-top:0;margin-bottom:0;padding-top:var(--wp--preset--spacing--60);padding-bottom:var(--wp--preset--spacing--60)\">\n<h2 class=\"wp-block-heading has-text-align-center\">Erinnere mich<\/h2>\n\n\n\n<p class=\"has-text-align-center is-style-text-subtitle is-style-text-subtitle--3\">Du m\u00f6chtest benachrichtigt werden, wenn unsere Einreichungsperiode beginnt?<\/p>\n\n\n\n<div style=\"height:0px\" aria-hidden=\"true\" class=\"wp-block-spacer wp-container-content-62aae154\"><\/div>\n\n\n\n<div class=\"wp-block-buttons green-button is-content-justification-center is-layout-flex wp-container-core-buttons-is-layout-a89b3969 wp-block-buttons-is-layout-flex\">\n<div class=\"wp-block-button is-style-outline is-style-outline--4\"><a class=\"wp-block-button__link has-base-color has-text-color has-background has-link-color has-text-align-center wp-element-button\" href=\"https:\/\/greenmotions-filmfestival.de\/filmmaker-newsletter\/\" style=\"border-style:none;border-width:0px;background-color:#009b58\">Newsletter f\u00fcr Filmschaffende abonnieren<\/a><\/div>\n<\/div>\n<\/div>\n<\/aside>\n\n\n\n<div style=\"height:150px\" aria-hidden=\"true\" id=\"FAQs\" class=\"wp-block-spacer medium-mobile\"><\/div>\n\n\n\n<h2 class=\"wp-block-heading has-xx-large-font-size\">FAQs<\/h2>\n\n\n\n<details class=\"wp-block-details alignwide has-large-font-size is-layout-flow wp-container-core-details-is-layout-10ec649b wp-block-details-is-layout-flow\" style=\"border-top-color:var(--wp--preset--color--contrast);border-bottom-color:var(--wp--preset--color--contrast);padding-top:var(--wp--preset--spacing--20);padding-bottom:var(--wp--preset--spacing--20)\"><summary>Wie viel kostet es, meinen Film einzureichen?<\/summary>\n<p style=\"padding-top:var(--wp--preset--spacing--30);padding-bottom:var(--wp--preset--spacing--40)\">Die Einreichung im Early Bird-Zeitfenster kostet 5\u20ac. Danach haben Filmschaffende und Vertreiber:innen noch die M\u00f6glichkeit Ihren Film f\u00fcr 10\u20ac einzureichen.<\/p>\n<\/details>\n\n\n\n<details class=\"wp-block-details alignwide has-large-font-size is-layout-flow wp-container-core-details-is-layout-83d8ee12 wp-block-details-is-layout-flow\" style=\"border-bottom-color:var(--wp--preset--color--contrast);margin-top:0;margin-bottom:0;padding-top:var(--wp--preset--spacing--20);padding-right:0;padding-bottom:var(--wp--preset--spacing--20);padding-left:0\"><summary>Wie lange dauert es, bis ich eine R\u00fcckmeldung erhalte?<\/summary>\n<p style=\"padding-top:var(--wp--preset--spacing--30);padding-bottom:var(--wp--preset--spacing--40)\">Da wir ein kleines Team sind, das haupts\u00e4chlich aus Freiwilligen besteht, braucht die Filmauswahl etwas Zeit. Du bekommst aber einige Monate vor dem Festival Bescheid, ob wir Deinen Film in unser Programm aufnehmen wollen.<\/p>\n<\/details>\n\n\n\n<details class=\"wp-block-details alignwide has-large-font-size is-layout-flow wp-container-core-details-is-layout-83d8ee12 wp-block-details-is-layout-flow\" style=\"border-bottom-color:var(--wp--preset--color--contrast);margin-top:0;margin-bottom:0;padding-top:var(--wp--preset--spacing--20);padding-right:0;padding-bottom:var(--wp--preset--spacing--20);padding-left:0\"><summary>Wie lange darf mein Film sein, um in den Kategorien ber\u00fccksichtigt zu werden?<\/summary>\n<p style=\"padding-top:var(--wp--preset--spacing--30);padding-bottom:0;line-height:1.5\">Publikumspreis: Filme werden bei einer L\u00e4nge zwischen 20 und 120 Minuten ber\u00fccksichtigt.<\/p>\n\n\n\n<p style=\"padding-top:var(--wp--preset--spacing--30);padding-bottom:0;line-height:1.5\">Sonderthema: Kurz- und Langfilme werden akzeptiert. Auch diese d\u00fcrfen aus zeitlichen Gr\u00fcnden nicht l\u00e4nger als zwei Stunden sein.<\/p>\n\n\n\n<p style=\"padding-top:var(--wp--preset--spacing--30)\">Kurzfilme: Maximal 20 Minuten L\u00e4nge.<\/p>\n\n\n\n<p style=\"padding-top:var(--wp--preset--spacing--30);padding-bottom:var(--wp--preset--spacing--40)\">Kinderfilme: sollten f\u00fcr Zuschauer:innen geeignet sein und nicht l\u00e4nger als 30 Minuten sein.<\/p>\n<\/details>\n\n\n\n<details class=\"wp-block-details alignwide has-large-font-size is-layout-flow wp-container-core-details-is-layout-83d8ee12 wp-block-details-is-layout-flow\" style=\"border-bottom-color:var(--wp--preset--color--contrast);margin-top:0;margin-bottom:0;padding-top:var(--wp--preset--spacing--20);padding-right:0;padding-bottom:var(--wp--preset--spacing--20);padding-left:0\"><summary>Braucht mein Film Untertitel, um gezeigt zu werden?<\/summary>\n<p style=\"padding-top:var(--wp--preset--spacing--30);padding-bottom:var(--wp--preset--spacing--40)\">Wenn Dein Film nicht auf deutscher oder englischer Sprache ist, ben\u00f6tigt er englisch- oder deutschsprachige Untertitel. Da wir j\u00e4hrlich viele Internationale G\u00e4ste auf unserem Festival begr\u00fc\u00dfen, freuen wir uns auch bei Deutschen Filmen \u00fcber Englische Untertitel.<\/p>\n<\/details>\n\n\n\n<details class=\"wp-block-details alignwide has-large-font-size is-layout-flow wp-container-core-details-is-layout-83d8ee12 wp-block-details-is-layout-flow\" style=\"border-bottom-color:var(--wp--preset--color--contrast);margin-top:0;margin-bottom:0;padding-top:var(--wp--preset--spacing--20);padding-right:0;padding-bottom:var(--wp--preset--spacing--20);padding-left:0\"><summary>Wie alt darf mein Film sein, um f\u00fcr das Festival ber\u00fccksichtigt zu werden?<\/summary>\n<p style=\"padding-top:var(--wp--preset--spacing--30);padding-bottom:var(--wp--preset--spacing--40)\">Auf unserem Festival zeigen wir Filme die im selben Jahr sowie den zwei vorangegangenen Jahren erschienen sind.<\/p>\n<\/details>\n\n\n\n<div style=\"height:100px\" aria-hidden=\"true\" class=\"wp-block-spacer medium-mobile\"><\/div>\n\n\n\n<h3 class=\"wp-block-heading further-questions\">Du hast noch Fragen zu deinem Film oder der Einreichung? \u2192 Du kannst uns einfach \u00fcber Social Media oder per Mail an films(at)greenmotions-filmfestival.de erreichen.<\/h3>\n\n\n\n<p><\/p>\n","protected":false},"excerpt":{"rendered":"<p>Infos f\u00fcr Filmschaffende. Kategorien und Preise Die Teilnahmebedingungen 2026 als PDF findest Du hier. Sonderthema Jedes Jahr wird von unserem Team ein Sonderthema ausgew\u00e4hlt, dass beim Festival besonders im Mittelpunkt steht. Der Preis f\u00fcr den besten Film wird von einer Expert:innenjury vergeben und w\u00e4hrend des Festivals \u00fcberreicht. Das diesj\u00e4hrige Thema lautet &#8222;Anerkennung: Die Unsichtbaren sichtbar [&hellip;]<\/p>\n","protected":false},"author":1,"featured_media":0,"parent":0,"menu_order":0,"comment_status":"closed","ping_status":"closed","template":"","meta":{"footnotes":""},"class_list":["post-63","page","type-page","status-publish","hentry"],"_links":{"self":[{"href":"https:\/\/greenmotions-filmfestival.de\/de\/wp-json\/wp\/v2\/pages\/63","targetHints":{"allow":["GET"]}}],"collection":[{"href":"https:\/\/greenmotions-filmfestival.de\/de\/wp-json\/wp\/v2\/pages"}],"about":[{"href":"https:\/\/greenmotions-filmfestival.de\/de\/wp-json\/wp\/v2\/types\/page"}],"author":[{"embeddable":true,"href":"https:\/\/greenmotions-filmfestival.de\/de\/wp-json\/wp\/v2\/users\/1"}],"replies":[{"embeddable":true,"href":"https:\/\/greenmotions-filmfestival.de\/de\/wp-json\/wp\/v2\/comments?post=63"}],"version-history":[{"count":177,"href":"https:\/\/greenmotions-filmfestival.de\/de\/wp-json\/wp\/v2\/pages\/63\/revisions"}],"predecessor-version":[{"id":4964,"href":"https:\/\/greenmotions-filmfestival.de\/de\/wp-json\/wp\/v2\/pages\/63\/revisions\/4964"}],"wp:attachment":[{"href":"https:\/\/greenmotions-filmfestival.de\/de\/wp-json\/wp\/v2\/media?parent=63"}],"curies":[{"name":"wp","href":"https:\/\/api.w.org\/{rel}","templated":true}]}}

Für Filmschaffende

<div style="height:70px" aria-hidden="true" class="wp-block-spacer small-mobile"></div>



<h1 class="wp-block-heading has-text-color has-link-color wp-elements-f7a8080578ce36c557d9d960aac2b237" style="color:#009b58">Infos für Filmschaffende.</h1>



<h2 class="wp-block-heading" style="margin-top:var(--wp--preset--spacing--70);padding-bottom:var(--wp--preset--spacing--30)">Kategorien und Preise</h2>



<p>Die <strong>Teilnahmebedingungen 2026</strong> als PDF findest Du <a href="https://greenmotions-filmfestival.de/wp-content/uploads/2026/02/Terms-and-Conditions-2026.pdf">hier</a>.</p>



<div class="wp-block-columns is-layout-flex wp-container-core-columns-is-layout-28f84493 wp-block-columns-is-layout-flex">
<div class="wp-block-column is-layout-flow wp-block-column-is-layout-flow" style="padding-top:var(--wp--preset--spacing--50)">
<h3 class="wp-block-heading" style="margin-top:0">Sonderthema</h3>



<p class="is-style-default" style="writing-mode:horizontal-tb">Jedes Jahr wird von unserem Team ein Sonderthema ausgewählt, dass beim Festival besonders im Mittelpunkt steht. Der Preis für den besten Film wird von einer Expert:innenjury vergeben und während des Festivals überreicht. Das diesjährige Thema lautet &#8222;Anerkennung: Die Unsichtbaren sichtbar machen&#8220;.Mehr Infos zu unserem diesjährigen Sonderthema gibt es <a href="https://greenmotions-filmfestival.de/de/2026/02/14/sonderthema-2026-anerkennung-die-unsichtbaren-sichtbar-machen/">→hier</a>.</p>
</div>



<div class="wp-block-column is-layout-flow wp-block-column-is-layout-flow" style="padding-top:var(--wp--preset--spacing--50)">
<h3 class="wp-block-heading has-text-align-left">Langfilme / Publikumspreis</h3>



<p class="has-text-align-left is-style-default" style="writing-mode:horizontal-tb">Unser Hauptpreis wird von unserem Publikum selbst gewählt. Neben Filmen zum Thema Nachhaltigkeit zeigen wir in dieser Kategorie auch Filme, die sich für mehr soziale Gerechtigkeit einsetzen, das Verständnis für die Umwelt steigern oder die Folgen des Klimawandels illustrieren. Unsere Zuschauer:innen bewerten die Filme nach der Vorstellung und am Ende des Festivals wird aus den Bewertungen des Publikums die/der Gewinner:in ermittelt.</p>
</div>
</div>



<div style="height:29px" aria-hidden="true" class="wp-block-spacer"></div>



<div class="wp-block-group alignfull has-global-padding is-layout-constrained wp-container-core-group-is-layout-966a1b52 wp-block-group-is-layout-constrained" style="margin-top:0;margin-bottom:0;padding-top:var(--wp--preset--spacing--80);padding-right:var(--wp--preset--spacing--40);padding-bottom:var(--wp--preset--spacing--80);padding-left:var(--wp--preset--spacing--40)">
<div class="wp-block-group has-global-padding is-layout-constrained wp-container-core-group-is-layout-346627ba wp-block-group-is-layout-constrained">
<h2 class="wp-block-heading has-text-align-center has-text-color has-link-color has-xx-large-font-size wp-elements-6d22f3d8b81798e50298b0de9fb1b38a" style="color:#009b58;margin-right:0;margin-left:0;padding-right:0;padding-left:0">Reiche Deinen Film ein </h2>



<p class="has-text-align-center">Du hast die passende Kategorie für Deinen Film gefunden? Hier geht&#8217;s zur Einreichung!</p>



<div class="wp-block-buttons green-button is-content-justification-center is-layout-flex wp-container-core-buttons-is-layout-a89b3969 wp-block-buttons-is-layout-flex">
<div class="wp-block-button is-style-outline is-style-outline--1"><a class="wp-block-button__link has-base-color has-text-color has-background has-link-color wp-element-button" href="https://filmfreeway.com/Greenmotionsfilmfestival2026" style="border-style:none;border-width:0px;background-color:#009b58">→ Filmfreeway</a></div>
</div>
</div>
</div>



<div class="wp-block-columns is-layout-flex wp-container-core-columns-is-layout-28f84493 wp-block-columns-is-layout-flex">
<div class="wp-block-column is-layout-flow wp-block-column-is-layout-flow" style="padding-top:var(--wp--preset--spacing--50)">
<h3 class="wp-block-heading">Kurzfilme</h3>



<p class="is-style-default" style="writing-mode:horizontal-tb">Auf unserem Festival zeigen wir jedes Jahr einige ausgewählte Kurzfilme mit einer Länge von unter 20 Minuten. Bei der Auswahl achten wir darauf, dass Nachhaltigkeits- und Umweltthemen kompetent und filmisch interessant umgesetzt werden. Eine Expert:innenjury vergibt außerdem jedes Jahr den Preis für den besten Kurzfilm. Am letzten Abend des Festivals wird unsere Kurzfilmauswahl gezeigt und der Gewinnerfilm des Jahres bekannt gegeben.</p>
</div>



<div class="wp-block-column is-layout-flow wp-block-column-is-layout-flow" style="padding-top:var(--wp--preset--spacing--50)">
<h3 class="wp-block-heading">Kurzfilme für Kinder</h3>



<p class="is-style-default" style="writing-mode:horizontal-tb">Auf unserem Festival zeigen wir jedes Jahr auch einigen kleineren Gästen Kurzfilme zu Themen der Nachhaltigkeit. Die Kinder im Vorschul- und jungen Schulalter werden mit einer Moderation durch eine ausgewählte Selektion von Filmen geführt. Auch die Kinder stimmen am Ende der Vorstellung ab, welcher Film ihnen am besten gefallen hat und entscheiden so über den:die Gewinner:in des Jahres. <br>Über das Jahr verteilt zeigen wir einige der Filme von unserem Festival auch in Workshops an Schulen in Freiburg und Umgebung.</p>
</div>
</div>



<div style="height:180px" aria-hidden="true" class="wp-block-spacer medium-mobile"></div>



<aside class="wp-block-group alignfull is-style-section-3 has-background has-small-font-size has-global-padding is-layout-constrained wp-container-core-group-is-layout-766ec2b1 wp-block-group-is-layout-constrained is-style-section-3--2" style="background-color:#dbeff5;margin-top:0;margin-bottom:0;padding-top:0;padding-right:var(--wp--preset--spacing--20);padding-bottom:var(--wp--preset--spacing--20);padding-left:var(--wp--preset--spacing--20)">
<div class="wp-block-group mobile-stack is-vertical is-content-justification-center is-layout-flex wp-container-core-group-is-layout-deed26be wp-block-group-is-layout-flex" style="min-height:470px;margin-top:0;margin-bottom:0;padding-top:var(--wp--preset--spacing--60);padding-bottom:var(--wp--preset--spacing--60)">
<h2 class="wp-block-heading has-text-align-center">Erinnere mich</h2>



<p class="has-text-align-center is-style-text-subtitle is-style-text-subtitle--3">Du möchtest benachrichtigt werden, wenn unsere Einreichungsperiode beginnt?</p>



<div style="height:0px" aria-hidden="true" class="wp-block-spacer wp-container-content-62aae154"></div>



<div class="wp-block-buttons green-button is-content-justification-center is-layout-flex wp-container-core-buttons-is-layout-a89b3969 wp-block-buttons-is-layout-flex">
<div class="wp-block-button is-style-outline is-style-outline--4"><a class="wp-block-button__link has-base-color has-text-color has-background has-link-color has-text-align-center wp-element-button" href="https://greenmotions-filmfestival.de/filmmaker-newsletter/" style="border-style:none;border-width:0px;background-color:#009b58">Newsletter für Filmschaffende abonnieren</a></div>
</div>
</div>
</aside>



<div style="height:150px" aria-hidden="true" id="FAQs" class="wp-block-spacer medium-mobile"></div>



<h2 class="wp-block-heading has-xx-large-font-size">FAQs</h2>



<details class="wp-block-details alignwide has-large-font-size is-layout-flow wp-container-core-details-is-layout-10ec649b wp-block-details-is-layout-flow" style="border-top-color:var(--wp--preset--color--contrast);border-bottom-color:var(--wp--preset--color--contrast);padding-top:var(--wp--preset--spacing--20);padding-bottom:var(--wp--preset--spacing--20)"><summary>Wie viel kostet es, meinen Film einzureichen?</summary>
<p style="padding-top:var(--wp--preset--spacing--30);padding-bottom:var(--wp--preset--spacing--40)">Die Einreichung im Early Bird-Zeitfenster kostet 5€. Danach haben Filmschaffende und Vertreiber:innen noch die Möglichkeit Ihren Film für 10€ einzureichen.</p>
</details>



<details class="wp-block-details alignwide has-large-font-size is-layout-flow wp-container-core-details-is-layout-83d8ee12 wp-block-details-is-layout-flow" style="border-bottom-color:var(--wp--preset--color--contrast);margin-top:0;margin-bottom:0;padding-top:var(--wp--preset--spacing--20);padding-right:0;padding-bottom:var(--wp--preset--spacing--20);padding-left:0"><summary>Wie lange dauert es, bis ich eine Rückmeldung erhalte?</summary>
<p style="padding-top:var(--wp--preset--spacing--30);padding-bottom:var(--wp--preset--spacing--40)">Da wir ein kleines Team sind, das hauptsächlich aus Freiwilligen besteht, braucht die Filmauswahl etwas Zeit. Du bekommst aber einige Monate vor dem Festival Bescheid, ob wir Deinen Film in unser Programm aufnehmen wollen.</p>
</details>



<details class="wp-block-details alignwide has-large-font-size is-layout-flow wp-container-core-details-is-layout-83d8ee12 wp-block-details-is-layout-flow" style="border-bottom-color:var(--wp--preset--color--contrast);margin-top:0;margin-bottom:0;padding-top:var(--wp--preset--spacing--20);padding-right:0;padding-bottom:var(--wp--preset--spacing--20);padding-left:0"><summary>Wie lange darf mein Film sein, um in den Kategorien berücksichtigt zu werden?</summary>
<p style="padding-top:var(--wp--preset--spacing--30);padding-bottom:0;line-height:1.5">Publikumspreis: Filme werden bei einer Länge zwischen 20 und 120 Minuten berücksichtigt.</p>



<p style="padding-top:var(--wp--preset--spacing--30);padding-bottom:0;line-height:1.5">Sonderthema: Kurz- und Langfilme werden akzeptiert. Auch diese dürfen aus zeitlichen Gründen nicht länger als zwei Stunden sein.</p>



<p style="padding-top:var(--wp--preset--spacing--30)">Kurzfilme: Maximal 20 Minuten Länge.</p>



<p style="padding-top:var(--wp--preset--spacing--30);padding-bottom:var(--wp--preset--spacing--40)">Kinderfilme: sollten für Zuschauer:innen geeignet sein und nicht länger als 30 Minuten sein.</p>
</details>



<details class="wp-block-details alignwide has-large-font-size is-layout-flow wp-container-core-details-is-layout-83d8ee12 wp-block-details-is-layout-flow" style="border-bottom-color:var(--wp--preset--color--contrast);margin-top:0;margin-bottom:0;padding-top:var(--wp--preset--spacing--20);padding-right:0;padding-bottom:var(--wp--preset--spacing--20);padding-left:0"><summary>Braucht mein Film Untertitel, um gezeigt zu werden?</summary>
<p style="padding-top:var(--wp--preset--spacing--30);padding-bottom:var(--wp--preset--spacing--40)">Wenn Dein Film nicht auf deutscher oder englischer Sprache ist, benötigt er englisch- oder deutschsprachige Untertitel. Da wir jährlich viele Internationale Gäste auf unserem Festival begrüßen, freuen wir uns auch bei Deutschen Filmen über Englische Untertitel.</p>
</details>



<details class="wp-block-details alignwide has-large-font-size is-layout-flow wp-container-core-details-is-layout-83d8ee12 wp-block-details-is-layout-flow" style="border-bottom-color:var(--wp--preset--color--contrast);margin-top:0;margin-bottom:0;padding-top:var(--wp--preset--spacing--20);padding-right:0;padding-bottom:var(--wp--preset--spacing--20);padding-left:0"><summary>Wie alt darf mein Film sein, um für das Festival berücksichtigt zu werden?</summary>
<p style="padding-top:var(--wp--preset--spacing--30);padding-bottom:var(--wp--preset--spacing--40)">Auf unserem Festival zeigen wir Filme die im selben Jahr sowie den zwei vorangegangenen Jahren erschienen sind.</p>
</details>



<div style="height:100px" aria-hidden="true" class="wp-block-spacer medium-mobile"></div>



<h3 class="wp-block-heading further-questions">Du hast noch Fragen zu deinem Film oder der Einreichung? → Du kannst uns einfach über Social Media oder per Mail an films(at)greenmotions-filmfestival.de erreichen.</h3>



<p></p>

<p>Infos für Filmschaffende. Kategorien und Preise Die Teilnahmebedingungen 2026 als PDF findest Du hier. Sonderthema Jedes Jahr wird von unserem Team ein Sonderthema ausgewählt, dass beim Festival besonders im Mittelpunkt steht. Der Preis für den besten Film wird von einer Expert:innenjury vergeben und während des Festivals überreicht. Das diesjährige Thema lautet &#8222;Anerkennung: Die Unsichtbaren sichtbar [&hellip;]</p>
